{"id":86,"date":"2021-05-27T20:51:36","date_gmt":"2021-05-27T17:51:36","guid":{"rendered":"https:\/\/instantmetal.wordpress.com\/?page_id=86"},"modified":"2025-03-08T09:04:36","modified_gmt":"2025-03-08T09:04:36","slug":"referenssit","status":"publish","type":"page","link":"https:\/\/www.tmikuparinen.fi\/index.php\/referenssit\/","title":{"rendered":"Referenssit"},"content":{"rendered":"\n<div class=\"wp-block-cover alignfull is-light\" style=\"padding-top:0px;padding-right:0px;padding-bottom:0px;padding-left:0px\"><span aria-hidden=\"true\" class=\"wp-block-cover__background has-black-background-color has-background-dim\"><\/span><img loading=\"lazy\" decoding=\"async\" width=\"2560\" height=\"1707\" class=\"wp-block-cover__image-background wp-image-265\" alt=\"\" src=\"http:\/\/www.instantmetal.fi\/wp-content\/uploads\/2021\/05\/instant-metal-kuva2-scaled.jpg\" style=\"object-position:51% 40%\" data-object-fit=\"cover\" data-object-position=\"51% 40%\" srcset=\"https:\/\/www.tmikuparinen.fi\/wp-content\/uploads\/2021\/05\/instant-metal-kuva2-scaled.jpg 2560w, https:\/\/www.tmikuparinen.fi\/wp-content\/uploads\/2021\/05\/instant-metal-kuva2-300x200.jpg 300w, https:\/\/www.tmikuparinen.fi\/wp-content\/uploads\/2021\/05\/instant-metal-kuva2-1024x683.jpg 1024w, https:\/\/www.tmikuparinen.fi\/wp-content\/uploads\/2021\/05\/instant-metal-kuva2-768x512.jpg 768w, https:\/\/www.tmikuparinen.fi\/wp-content\/uploads\/2021\/05\/instant-metal-kuva2-1536x1024.jpg 1536w, https:\/\/www.tmikuparinen.fi\/wp-content\/uploads\/2021\/05\/instant-metal-kuva2-2048x1365.jpg 2048w, https:\/\/www.tmikuparinen.fi\/wp-content\/uploads\/2021\/05\/instant-metal-kuva2-1568x1045.jpg 1568w\" sizes=\"auto, (max-width: 2560px) 100vw, 2560px\" \/><div class=\"wp-block-cover__inner-container is-layout-flow wp-block-cover-is-layout-flow\">\n<h1 class=\"wp-block-heading has-text-align-center has-white-color has-text-color\"><strong>Referenssit<\/strong><\/h1>\n<\/div><\/div>\n\n\n\n<h3 class=\"wp-block-heading\" id=\"1672295254\"><strong>Kaikkea ter\u00e4ksest\u00e4<\/strong><\/h3>\n\n\n\n<p>Tarjoamme asiakkaillemme monenlaisia r\u00e4\u00e4t\u00e4l\u00f6ityj\u00e4 metallituotteita ja -rakenteita, kuten roskakatoksia, ramppeja, telineit\u00e4 ja kuljetuskalustoa. Valmistamme tuotteet aina asiakkaan tarpeiden mukaan, joko suunnittelemalla t\u00e4ysin uudet ratkaisut tai kunnostamalla vanhaa kalustoa. Korkealaatuiset materiaalit ja ammattitaito varmistavat, ett\u00e4 kaikki rakenteet ovat kest\u00e4vi\u00e4 ja toimivia, olipa kyseess\u00e4 pieni projekti tai suurempi rakennusty\u00f6. Meilt\u00e4 saat luotettavia ja k\u00e4yt\u00e4nn\u00f6llisi\u00e4 ter\u00e4sratkaisuja, jotka t\u00e4ytt\u00e4v\u00e4t tarkasti kaikki vaatimukset.<\/p>\n\n\n\n<p><strong>Yritysreferenssit mm.<\/strong><\/p>\n\n\n\n<ul class=\"wp-block-list\">\n<li>Turun Kuntotutkimus Oy<\/li>\n\n\n\n<li>Langh Yhti\u00f6t<\/li>\n\n\n\n<li>Safety Partners Oy<\/li>\n\n\n\n<li>Renta Oy<\/li>\n\n\n\n<li>Mira Tex Oy<\/li>\n\n\n\n<li>Exoteriko Oy<\/li>\n<\/ul>\n","protected":false},"excerpt":{"rendered":"<p>Kaikkea ter\u00e4ksest\u00e4 Tarjoamme asiakkaillemme monenlaisia r\u00e4\u00e4t\u00e4l\u00f6ityj\u00e4 metallituotteita ja -rakenteita, kuten roskakatoksia, ramppeja, telineit\u00e4 ja kuljetuskalustoa. Valmistamme tuotteet aina asiakkaan tarpeiden mukaan, joko suunnittelemalla t\u00e4ysin uudet ratkaisut tai kunnostamalla vanhaa kalustoa. Korkealaatuiset materiaalit ja ammattitaito varmistavat, ett\u00e4 kaikki rakenteet ovat kest\u00e4vi\u00e4 ja toimivia, olipa kyseess\u00e4 pieni projekti tai suurempi rakennusty\u00f6. Meilt\u00e4 saat luotettavia ja k\u00e4yt\u00e4nn\u00f6llisi\u00e4 ter\u00e4sratkaisuja, [&hellip;]<\/p>\n","protected":false},"author":2,"featured_media":0,"parent":0,"menu_order":0,"comment_status":"closed","ping_status":"closed","template":"","meta":{"footnotes":""},"class_list":["post-86","page","type-page","status-publish","czr-hentry"],"_links":{"self":[{"href":"https:\/\/www.tmikuparinen.fi\/index.php\/wp-json\/wp\/v2\/pages\/86","targetHints":{"allow":["GET"]}}],"collection":[{"href":"https:\/\/www.tmikuparinen.fi\/index.php\/wp-json\/wp\/v2\/pages"}],"about":[{"href":"https:\/\/www.tmikuparinen.fi\/index.php\/wp-json\/wp\/v2\/types\/page"}],"author":[{"embeddable":true,"href":"https:\/\/www.tmikuparinen.fi\/index.php\/wp-json\/wp\/v2\/users\/2"}],"replies":[{"embeddable":true,"href":"https:\/\/www.tmikuparinen.fi\/index.php\/wp-json\/wp\/v2\/comments?post=86"}],"version-history":[{"count":12,"href":"https:\/\/www.tmikuparinen.fi\/index.php\/wp-json\/wp\/v2\/pages\/86\/revisions"}],"predecessor-version":[{"id":597,"href":"https:\/\/www.tmikuparinen.fi\/index.php\/wp-json\/wp\/v2\/pages\/86\/revisions\/597"}],"wp:attachment":[{"href":"https:\/\/www.tmikuparinen.fi\/index.php\/wp-json\/wp\/v2\/media?parent=86"}],"curies":[{"name":"wp","href":"https:\/\/api.w.org\/{rel}","templated":true}]}}